 highest common factor of 216 and p?
9
Suppose 3*k + b = 3*b + 48, -5*k = 4*b - 58. Suppose 9*j = 30 + 6. Calculate the highest common divisor of j and k.
2
Suppose -10 = 5*p, 3*j - 2*j = p + 3. Let q be ((-2)/(-16))/(164/1312). What is the greatest common divisor of j and q?
1
Let u be (6/(-2))/(36/48). Let i be (6 + -2)*(-6)/u. Let z be i/27 - (-124)/9. What is the highest common divisor of z and 14?
14
Suppose -t + 26 = 10. Calculate the highest common divisor of t and 56.
8
Suppose 148 = 5*q - 62. Let y = -19 + q. Calculate the greatest common divisor of 92 and y.
23
Suppose -10*j + 3 = -7. Let f = j + 30. What is the greatest common divisor of f and 248?
31
Let h be ((-8)/(-5))/(10/(-25)). Let j be h/1 + (-1 - -31). Calculate the greatest common factor of j and 13.
13
Let h(w) = -w**3 - 13*w**2 - 13*w + 4. Let z be h(-12). Calculate the highest common factor of z and 36.
4
Let g be -75*1*(-3 - (-45)/25). Calculate the highest common factor of 10 and g.
10
Let c(d) = d**2 - 11*d - 8. Let v be c(11). Let r be (-4 - v)*(-3 - -8). Suppose 0 = -3*t + t + 40. What is the highest common divisor of r and t?
20
Let b = -4 + 9. Suppose 0 = n - 2 - 1. Suppose -n*y = -b*y + 24. Calculate the highest common factor of y and 60.
12
Suppose 5*n - 51 = y - 2*y, -4*y = -n + 27. Let u(z) = z**2 - 11*z + 20. Let q be u(10). Let i be 53/1 - (-20)/q. What is the highest common divisor of n and i?
11
Let d = 7831 - 12500. Let a be (-4)/14 + d/(-49). Let i = 6 - -13. Calculate the highest common divisor of a and i.
19
Let i be 1 + (-2 - (1 - 3)). Let g be 1 + i + (-4 - -6). Suppose 2*j = -g*b + 60, 2*j - 30 = -b + 3*b. Calculate the highest common factor of j and 220.
20
Let c be (-38)/(36/(-14) + (-24)/(-42)). Calculate the highest common divisor of 19 and c.
19
Suppose -55*u + 59*u = 3024. Let q be (-20)/(-6)*(u/(-15))/(-4). What is the highest common divisor of 14 and q?
14
Suppose -2*r + 8 = -24. Let u = -14 + r. Calculate the greatest common factor of 2 and u.
2
Suppose 649 + 27 = 26*l. What is the highest common divisor of l and 767?
13
Suppose 25*m = 55*m - 1920. What is the greatest common divisor of 2 and m?
2
Let g = -503 - 211. Let h = g + 2202. Suppose 3*m - h = -3*m. Calculate the highest common divisor of m and 31.
31
Let x = -378 - -174. Let z be 2/(1*(-8)/x). Calculate the greatest common factor of 17 and z.
17
Let z be 9 + 3*(1 - 2) + 344. What is the highest common factor of z and 60?
10
Let f(g) = -7*g + 7. Let v = 25 - 28. Let x be f(v). Calculate the greatest common divisor of 308 and x.
28
Let n = 80 - 76. Let q be 3/(-3) - n*256/(-4). Calculate the greatest common factor of q and 51.
51
Let g(c) = -3*c + 7*c**2 + 0*c + c**3 - c**2 - 2. Let w be g(-6). Calculate the highest common factor of 4 and w.
4
Let i be 4/26 + (-20)/130. Let z(l) = -2 - 7*l - 8*l + 13*l + 15. Let o be z(i). What is the highest common factor of 104 and o?
13
Let r = 541 - 539. Let x = -6 - -14. What is the greatest common factor of r and x?
2
Let h(q) = 7*q - 4. Let z be h(4). Suppose -7*m = 248 - 1592. What is the greatest common factor of m and z?
24
Let y = -745 + 825. Suppose 5*x = -2*k + 105, -2*x - 1 = -3*k + 109. What is the highest common factor of y and k?
40
Let j(q) = 2*q - 7. Let h be j(4). Let g be 1/((h/8)/((-9)/(-4))). Calculate the greatest common divisor of 45 and g.
9
Let q = 3 - -6. Let i = 54 + q. Suppose -2*y + 0*k = 5*k + 1, 2*y + 4*k = 2. Calculate the greatest common divisor of y and i.
7
Let o(v) = -44*v - 121. Let y be o(-19). What is the highest common divisor of y and 44?
11
Suppose -392 - 4 = -3*g. What is the highest common factor of 66 and g?
66
Let z(v) = 4*v - 5. Let j be z(5). Let n be (j + 1)*(9 + -8). What is the greatest common divisor of 128 and n?
16
Let i(x) = -26*x - 8. Let k be i(-4). Let u be 60/8*k/(-10). Let q be u/15*50/(-4). What is the highest common divisor of q and 24?
12
Suppose 10*q - 5*q - 330 = 0. Let x(g) = -g**2 - 11*g - 13. Let y be x(-8). What is the highest common divisor of q and y?
11
Let o(n) be the third derivative of 5*n**4/24 - n**3/3 + 9*n**2. Let b be o(4). Let v be (b/(-15))/(6/(-40)). What is the highest common divisor of 72 and v?
8
Suppose 3*f + 41 = 4*f. Suppose 0 = 2*w - f - 193. What is the highest common divisor of 13 and w?
13
Let o be ((-1)/(-3) - (-16)/(-12))*125. Let c = 126 + o. Let x(j) = j**2 + 7. Let y be x(0). Calculate the greatest common divisor of c and y.
1
Let z be 1/(-5) + (-76)/(-5). Suppose 108 = 6*v + 6. Suppose 4*b + v - 77 = 0. Calculate the greatest common factor of z and b.
15
Let o be -4 + (-72)/28*-7. Calculate the greatest common divisor of 896 and o.
14
Suppose 2*s + 0 = 28. Let q = 32 - 18. Calculate the highest common factor of q and s.
14
Let j be 4*69/6 - 1. Let u = -6 + 9. Let x = u + 6. Calculate the greatest common factor of j and x.
9
Let v = 3 + 2. Suppose 2*g + 8 = 0, 4*g = r - g - 30. What is the greatest common factor of r and v?
5
Suppose 10*k = 19*k - 4653. What is the highest common factor of 44 and k?
11
Let u be 0 + (-36)/(-14)*119/34. Suppose 0 = -0*i - i - 5*s + 33, 4*i + 5*s - 87 = 0. What is the highest common factor of i and u?
9
Let a(k) = k**2 + 64*k + 267. Let g be a(-61). Calculate the highest common divisor of g and 448.
28
Let j(k) = 238*k - 715. Let b be j(8). What is the greatest common divisor of 41 and b?
41
Let j = -16 + 16. Suppose -5*i - 4*h + 85 = -h, h + 5 = j. What is the greatest common factor of i and 10?
10
Let n(y) be the second derivative of 0 - 1/12*y**4 + 4/3*y**3 - 5/2*y**2 + 5*y. Let w be n(5). What is the highest common factor of w and 4?
2
Suppose i - 2*a = 0, -2*i - a + 6*a - 2 = 0. Let v be 16/(-1)*5*-1. Let o be -3 - (-1 - v/i). What is the highest common divisor of 126 and o?
18
Suppose 14*b = -5*b + 2888. What is the greatest common divisor of 32 and b?
8
Let y = -1 - -10. Suppose 9*a = 4*a + 340. Suppose 4*p = 2*q + a, -3*p = -p + 4*q - 44. Calculate the greatest common divisor of p and y.
9
Let j(k) = -12*k - 22. Let i(y) = 13*y + 23. Let p(x) = 3*i(x) + 4*j(x). Let s be p(-11). Calculate the greatest common factor of 10 and s.
10
Suppose -2*v + 2*o + 1 = -3*v, 5*v - 19 = 2*o. Suppose 4*j = v*l - j - 62, -l = j - 26. Calculate the highest common factor of l and 3.
3
Suppose 0 = 4*n - n - 138. Let g = 156 + 5. Let l = 184 - g. What is the highest common divisor of l and n?
23
Let a(m) be the second derivative of 5*m**3/6 - 7*m**2 + m. Suppose -36 = -3*i - 3*i. Let u be a(i). Calculate the greatest common divisor of u and 16.
16
Let h be -140*(-6 - 3/((-21)/35)). What is the highest common divisor of h and 1820?
140
Let l(w) = -47*w - 413. Let c be l(-9). Suppose -3*r = 2*r - 25. What is the highest common factor of c and r?
5
Suppose 3*x + 4*i - 214 = 0, 4*x - 284 = -7*i + 2*i. Let m(v) = -2*v - 2. Suppose 3 + 1 = -y. Let f be m(y). Calculate the highest common divisor of f and x.
6
Let a be (8/(-12))/(2/723). Let s = 346 + a. Suppose 2*q - 72 + 12 = -4*c, 2*c - 3*q = 30. Calculate the greatest common factor of c and s.
15
Let j be (-174)/(-10) - 735/(-1225). Let n = -10 - -16. Calculate the highest common factor of n and j.
6
Let b(q) = -q**2 + 9*q + 6. Let a be b(6). What is the greatest common factor of a and 60?
12
Let m = 212 - 182. What is the greatest common divisor of m and 20?
10
Suppose 65 + 40 = -3*a. Let h = 85 + a. Let s(f) = -f**2 + 9*f + 6. Let w be s(7). What is the highest common divisor of w and h?
10
Let u be 88/10*(8 - 3). Suppose -98 = -181*k + 178*k - z, -127 = -4*k - 5*z. Calculate the highest common divisor of k and u.
11
Let v be 23/5*10/2. Let g = v - -9. Suppose q + 96 = 3*q. Calculate the greatest common divisor of q and g.
16
Let f = 5 - 0. Suppose 5*v = s - f*s + 53, 2*v = -3*s + 24. Let g(o) = o**2 - 7*o. Let w be g(9). What is the highest common factor of v and w?
9
Let v be (-2)/4*-2*13. Let s be 8/(1 - 4/2). Let u be ((-13)/(-1))/((-2)/s). What is the greatest common divisor of v and u?
13
Let a(o) = o**3 + 7*o**2 - 8. Let w be a(-6). Let l be (-19 + 7)*(-3)/(-6) + 314. Calculate the greatest common factor of w and l.
28
Let r = 208 + -153. Let f(t) = -t + 10. Let o be f(5). Calculate the greatest common divisor of o and r.
5
Let y = 124 + -82. Suppose -2*l = -5*l + y. Calcula